 + (11 - ((11 - 6) + -2))?
-1
Calculate -7 + -4 - (1 + -8).
-4
Evaluate (6 + -14 - 0) + 8 + -3.
-3
Calculate 5 + -4 + 1 - (7 - 2).
-3
Calculate (-19 - -5 - -2) + (5 - 0).
-7
What is the value of 1 + 5 - (8 - 2)?
0
What is (-26 - -27) + -4 + (0 - 0)?
-3
Evaluate 4 - (7 - (-3 + 4 + 1)).
-1
1 - (0 + -2 - -2)
1
What is 0 + (8 - -4) + (-1 - 5)?
6
What is 1 + 0 + (-1 + 5 - 4)?
1
What is the value of -11 - (-3 + 2 + -7)?
-3
Evaluate -1 + 0 - 4 - (-39 + 43).
-9
What is the value of 8 + (9 - (6 + 6))?
5
Evaluate (-5 + (-1 - -3) - 0) + 3.
0
Calculate -2 + 1 + -2 + (1 - 2).
-4
-2 + (9 - 3) - 1
3
Evaluate -5 + (4 - (4 - 0)).
-5
What is (-3 - -5) + (-6 - -6)?
2
What is 4 + (6 - 4 - 2)?
4
-2 + (7 - (1 - -2)) + 1
3
Evaluate 10 + -3 + -5 + 0.
2
What is the value of 3 + -2 - (-1 + (6 - -1))?
-5
4 - ((0 - (5 + -7)) + 2)
0
What is the value of -10 + 16 - (3 + (0 - -1))?
2
What is 9 - (-11 + 8 - -17)?
-5
Calculate -3 + -1 + 6 + 6 + -12.
-4
What is (6 - 7) + -2 + (0 - -5)?
2
Calculate (-3 - -7) + 0 - (-2 + -3).
9
What is (0 - 3) + (2 - (-4 + 1))?
2
55 - 41 - (-1 + 7)
8
What is 4 + (-1 - 5) + -1?
-3
-3 + -1 + (-1 - -4) - 3
-4
Evaluate 3 - 12 - (9 + -16).
-2
Evaluate (-3 + -8 - -9) + 4.
2
Evaluate 2 - (3 + -8 + 2).
5
Evaluate -1 - ((8 - 5) + -8).
4
-4 - -6 - (-8 + 5)
5
What is 4 + 2 + -1 + -3?
2
Calculate -14 + 1 + 4 + 15.
6
13 + (6 - (11 - 0))
8
What is the value of 22 + -20 - (5 - 1 - 1)?
-1
-12 + 11 + 2 + -6 + 0
-5
Calculate 1 + (1 - 1) + 1 + 0.
2
What is (0 - 1) + -7 + 3?
-5
Calculate -12 - ((85 - 87) + 1 + 0).
-11
What is 4 + (-1 + -4 - (-14 - -15))?
-2
-4 + (-2 - (3 - (1 - -7)))
-1
Evaluate -6 + 3 - (-17 + -5 + 14).
5
Calculate -3 + -13 - (-7 - -1) - -5.
-5
Calculate 2 - 2 - (0 - 5).
5
What is the value of 58 - 56 - (0 + (-1 - -5))?
-2
What is the value of 7 - 2 - (7 + 1) - -4?
1
Calculate -2 - (-1 + 6 + (-2 - 1)).
-4
Calculate -5 - -9 - (2 + (-1 - 2)).
5
What is -2 + -4 + 4 + 0?
-2
What is the value of 0 + 7 + -16 + (9 - -8)?
8
What is (2 - (-6 - -2)) + -231 + 217?
-8
What is the value of 8 + -5 - (-9 + 7)?
5
What is -5 - (10 + -1 + -9)?
-5
1 + (4 - 10) - -1
-4
What is the value of -8 - -7 - (3 - 0)?
-4
Calculate -4 + 1 + -1 + (-8 - -9).
-3
Calculate -3 + (2 - -12) + -12.
-1
-30 + 18 + (6 - -5)
-1
What is -5 - (-3 + (7 - (6 - 1)))?
-4
Calculate 5 + (-2 - (0 + 4) - -2).
1
Evaluate 3 + 1 + 6 + -6.
4
What is -9 + -4 + -6 + 23?
4
What is the value of 3 + (2 - 11) - -5?
-1
What is the value of 0 - (1 - (-7 + 3)) - -4?
-1
What is the value of -5 - -5 - -5 - 11?
-6
What is (-11 + 5 - -5) + 6?
5
What is the value of (-6 - -2) + (22 - 18)?
0
What is -6 + (10 - 8 - (1 + -2))?
-3
What is the value of -1 - -3 - (-27 + 36)?
-7
Evaluate 3 + (1 - (9 + (-4 - -2))).
-3
Evaluate (2 - 7) + 2 - (1 + 0).
-4
10 + (-6 - (-5 + (3 - -2)))
4
What is (8 - (3 - -2)) + -6?
-3
What is the value of 0 - (2 + (-3 - -1) + 5)?
-5
Evaluate 1 - (-4 - 4 - -6).
3
Calculate -7 + -7 + 9 + 5.
0
Calculate (-1 - (-1 - -2)) + 2 + -3.
-3
What is the value of 5 + -6 + (-15 - -15)?
-1
Evaluate 3 + 7 - (3 - 2 - -1).
8
1 + 0 - (-2 + (8 - 3))
-2
Calculate (-28 - -36) + 1 + -3 + -10.
-4
14 + -14 - (1 - 4) - 9
-6
What is the value of (5 - 2) + (4 - (1 + 1))?
5
Evaluate 6 + (-10 - -7) + -4 + 3.
2
Calculate -3 + 3 + (6 - 10).
-4
2 + (6 - 11) + 2 - 2
-3
1 + 0 + 2 - (-27 - -25)
5
Evaluate -2 - (5 + -15) - 6.
2
What is 3 - (-3 - -2 - -2)?
2
2 + -2 + (3 - (-5 + 5))
3
What is -13 - 0 - (-14 + 23 - 14)?
-8
What is 1 - (1 + (-1 - -2))?
-1
Calculate (6 - (-8 + 23)) + 4.
-5
(149 - 155) + (1 - (-1 - 0))
-4
What is 1 + 14 + -1 - 13?
1
What is (-24 - -17) + 3 + -1?
-5
Calculate -7 + 13 + -11 - -6.
1
Evaluate 2 + -4 + 6 + (-4 - -4).
4
0 - 0 - (-15 + (29 - 21))
7
What is -6 + 16 - (5 - -6)?
-1
Calculate -6 + (10 - (0 - -5)).
-1
Evaluate -1 + (-4 - -4) - -5.
4
Calculate (10 - 6) + (-13 - -6).
-3
What is 7 + (3 + -4 - 3)?
3
What is 5 + 2 + -2 + (3 - 4)?
4
What is the value of -2 - (-6 - (5 + -8)) - 5?
-4
Calculate 1 + (-1 - -9) + -22 + 20.
7
-3 + 4 + 0 - (-28 + 36)
-7
What is -1 + -1 + (-6 - -6)?
-2
What is 6 + -14 - (-4 - 2)?
-2
What is -3 - (4 + (-3 - 7) - -2)?
1
(10 - 9) + 6 - 7
0
What is the value of -7 - (-7 + 4 + 6)?
-10
What is -1 - ((3 - 4) + 3)?
-3
What is the value of (9 - 1 - (4 + 0)) + -1?
3
-14 - (-2 + 5 + -16)
-1
What is the value of -12 + 5 + 4 + 9 + 2?
8
What is 3 + 5 + -2 + -21 + 21?
6
(1 - (-2 - -2)) + 3
4
Evaluate 11 + 6 + (-12 - 1).
4
What is -3 - (0 + (-1 - (0 + 3)))?
1
What is the value of -7 - -3 - (12 + -21)?
5
What is the value of 5 + 3 + -6 + -1?
1
12 + (-13 - -8) - (1 + 3)
3
Calculate 2 + 5 + (6 - (1 + 4)).
8
Evaluate 4 + (-6 - (1 - (0 - -3))).
0
What is 12 + -5 - (1 - 2 - -5)?
3
What is the value of 0 + -3 - ((1 - 2) + 0)?
-2
Evaluate 0 - (-6 - 0) - 7.
-1
What is -3 - 1 - (-1 + (-2 - -3))?
-4
What is -8 - (4 + (-4 - 4))?
-4
What is the value of (1 + 9 - (-10 - -9)) + -3?
8
What is -9 + (-4 - -5) + 4?
-4
4 - 1 - 0 - 5 - -1
-1
24 - 24 - (-3 - (1 - 4))
0
Calculate -9 + (13 - 7) + 7.
4
Calculate -2 - (-8 + 4 - -2).
0
-5 + 4 - -5 - 14 - -4
-6
What is the value of -4 - (0 + (-12 - -6))?
2
What is the value of -1 - (5 - 8) - 8?
-6
What is 10 + (13 + -28 - -12)?
7
What is the value of -16 + -2 + (-4 - -19)?
-3
What is (-4 - -1) + (-1 - 2 - -5)?
-1
What is the value of 2 - (4 - (3 + -1))?
0
-4 - ((3 - 4) + -6)
3
Calculate (-2 - 2) + (-15 - -27) + -11.
-3
Evaluate -4 + 3 + 2 + -2 + -3.
-4
Evaluate (-3 - 2) + (6 - -1).
2
Evaluate 59 + -62 - (1 + -1).
-3
Calculate (-19 - -16) + (7 - -2).
6
4 - (7 - (-4 + 5))
-2
What is the value of (4 + 6 - 5) + -5 + 2?
2
2 + 1 + -3 + 5 - 2
3
3 + -2 + -1 + 1 + 2
3
-1 - (-7 - 0) - (-5 - -2)
9
Evaluate 79 + -64 + -2 + -5.
8
4 + (1 + 3 - 9)
-1
(-1 - 1) + (-24 - -23) - 1
-4
Evaluate (1 - 0 - 2) + (45 - 47).
-3
What is the value of 5 + 5 + -16 + 9 + -8?
-5
Evaluate (-12 - -5 - -3) + 4 + 0.
0
Calculate -1 - 0 - (-19 + 22).
-4
What is 1 + 0 + 0 + 0?
1
What is the value of -5 + -2 + 2 - -8?
3
Calculate 3 - (-3 + (4 - 1)).
3
What is the value of -6 - ((24 - 11) + -9)?
-10
(17 + -6 - 4) + -8 - 5
-6
Evaluate 1 + -2 + 4 + -1 + -3.
-1
Calculate -7 + 3 + -3 + 11 + -6.
-2
What is the value of (5 - 2) + -5 - 3?
-5
Calculate 6 - (1 + (-5 - -9)).
1
Calculate (0 - 2) + (-1 - -4).
1
(6 - (-3 - -12)) + 3
0
Calculate -3 + 7 - (-2 - -5).
1
3 + 6 + -9 + 3
3
Evaluate 6 + -8 - (5 - 3).
-4
What is the value of (-10 + 3 - -3) + 1 - -7?
4
What is the value of -1 - (2 - (3 - 0)) - -5?
5
Evaluate 10 - (9 + -3 - 0).
4
2 - (2 - 0 - -1)
-1
What is 0 + -1 + -18 + (-4 - -29)?
6
What is the value of -12 + 5 - -3 - (1 - 4)?
-1
Calculate -4 - (-1 - (-2 - -1) - 5).
1
What is -12 - (1 + -9 + -4 + 7)?
-7
(107 - 108) + (1 - 6) + 0
-6
What is the value of 5 - ((-5 - -7) + 1)?
2
Evaluate 4 - -3 - (-6 + (6 - 1)).
8
Evaluate (3 - 2) + -2 - -1 - -5.
5
What is -3 + 0 + -5 + 1 + -1?
-8
Calculate -5 - (-4 - -2) - (0 + 0).
-3
What is the value of 7 + ((4 - 4) + -1 - 3)?
3
Evaluate (-29 + 37 - (-1 + 6)) + -4.
-1
(3 - (4 - 3)) + -3
-1
Evaluate (-2 - 0 - -8) + -8 + 4.
2
What is (-3 - (-11 + 0)) + (0 - 4)?
4
What is -3 + 0 + (9 - 15 - -7)?
-2
What is -9 + (6 - (-16 + 10))?
3
Evaluate 0 + -3 + 8 + -1 + -5.
-1
Evaluate -4 - (-8 + 1 + (-2 - -2)).
3
Calculate 1 + -4 + 0 + 5.
2
12 + -10 + (-9 - -2)
-5
0 + -4 + 5 + 0 + 1
2
Calculate -1 + 1 + -2 + (13 - 12).
-1
-18 + 4 - -10 - (-14 - -2)
8
Evaluate -1 - (-3 + (6 - 4)).
0
What is the value of (-3 - 0) + -1 + (4 - -4)?
4
Evaluate 8 - (9 + -16 + 12).
3
What is 2 - (1 - (6 - 3))?
4
Calculate 4 - (-5 - -10 - 5).
4
Evaluate 6 - 14 - (-8 - (-5 - -2)).
-3
What is the value of 1 - -1 - 5 - -6 - 1?
2
Evaluate (10 - 12) + 3 + 4 + -5.
0
Calculate -6 + (6 - 6) - -4.
-2
What is 6 + 2 + 0 + 0 + -13?
-5
What is the value of 0 + 1 + -7 + (-2 - -7)?
-1
Evaluate 23 + -30 + -1 + 6.
-2
What is -10 + 9 - (-1 + (-1 - -3))?
-2
2 + 0 - 0 - (46 - 46)
2
(-6 + -2 - (1 + -2)) + 9
2
What is -4 + 7 - 0 - -2?
5
What is 6 + (0 - (6 - -3 - 3))?
0
What is the value of -5 + 8 + -3 + -1 - -2?
1
Calculate 4 - (-1 + 3) - (6 - 2).
-2
Evaluate (2 - 3) + 3 + 0 - -3.
5
Evaluate -2 + (-10 - -15 - (1 - -1)).
1
What is the value of -4 - (-1 - -7) - -10?
0
Calculate -4 + 2 - 0 - (-10 - -8).
0
What is the value of -5 + 3 - (-12 - -6)?
4
0 + 0 - (-3 + 4 + 0)
-1
Evaluate 0 + (-2 + (5 - -1) - 3).
1
Evaluate 5 + (-11 - (0 + 4 + -6)).
-4
